ctors of 2903.
2903
What are the prime factors of 178543?
19, 9397
List the prime factors of 141354.
2, 3, 7853
List the prime factors of 1896.
2, 3, 79
What are the prime factors of 8702?
2, 19, 229
List the prime factors of 693.
3, 7, 11
What are the prime factors of 38194?
2, 13, 113
List the prime factors of 154185.
3, 5, 19, 541
What are the prime factors of 90599?
90599
List the prime factors of 26095.
5, 17, 307
What are the prime factors of 102491?
113, 907
List the prime factors of 42292.
2, 97, 109
List the prime factors of 1235.
5, 13, 19
List the prime factors of 1687.
7, 241
What are the prime factors of 45003?
3, 7, 2143
List the prime factors of 1471.
1471
List the prime factors of 711.
3, 79
What are the prime factors of 436?
2, 109
What are the prime factors of 948?
2, 3, 79
List the prime factors of 35701.
19, 1879
List the prime factors of 143007.
3, 73, 653
List the prime factors of 12566.
2, 61, 103
What are the prime factors of 22614?
2, 3, 3769
List the prime factors of 2908.
2, 727
List the prime factors of 2527.
7, 19
List the prime factors of 2774.
2, 19, 73
What are the prime factors of 306?
2, 3, 17
What are the prime factors of 12970?
2, 5, 1297
List the prime factors of 709.
709
What are the prime factors of 9836?
2, 2459
List the prime factors of 35374.
2, 23, 769
List the prime factors of 100.
2, 5
List the prime factors of 62921.
62921
What are the prime factors of 15851?
11, 131
List the prime factors of 7309.
7309
What are the prime factors of 6990?
2, 3, 5, 233
List the prime factors of 27774.
2, 3, 1543
List the prime factors of 58852.
2, 14713
List the prime factors of 9480.
2, 3, 5, 79
What are the prime factors of 106101?
3, 11789
List the prime factors of 1595.
5, 11, 29
What are the prime factors of 3082?
2, 23, 67
What are the prime factors of 1027?
13, 79
What are the prime factors of 4233?
3, 17, 83
List the prime factors of 76452.
2, 3, 23, 277
List the prime factors of 28926.
2, 3, 1607
What are the prime factors of 25663?
11, 2333
List the prime factors of 1809.
3, 67
What are the prime factors of 706?
2, 353
List the prime factors of 6737.
6737
What are the prime factors of 3903?
3, 1301
What are the prime factors of 1580?
2, 5, 79
List the prime factors of 32285.
5, 11, 587
What are the prime factors of 15051?
3, 29, 173
List the prime factors of 31551.
3, 13, 809
List the prime factors of 324.
2, 3
What are the prime factors of 947?
947
List the prime factors of 176.
2, 11
List the prime factors of 770.
2, 5, 7, 11
List the prime factors of 3995.
5, 17, 47
List the prime factors of 11172.
2, 3, 7, 19
List the prime factors of 7419.
3, 2473
List the prime factors of 86348.
2, 21587
What are the prime factors of 1870?
2, 5, 11, 17
List the prime factors of 699.
3, 233
What are the prime factors of 11511?
3, 1279
What are the prime factors of 106544?
2, 6659
List the prime factors of 796.
2, 199
What are the prime factors of 11209?
11, 1019
What are the prime factors of 9171?
3, 1019
List the prime factors of 137.
137
What are the prime factors of 16150?
2, 5, 17, 19
List the prime factors of 58818.
2, 3, 9803
What are the prime factors of 2067?
3, 13, 53
What are the prime factors of 517?
11, 47
What are the prime factors of 99611?
99611
What are the prime factors of 6398?
2, 7, 457
What are the prime factors of 1692?
2, 3, 47
What are the prime factors of 1745?
5, 349
What are the prime factors of 25456?
2, 37, 43
What are the prime factors of 8964?
2, 3, 83
List the prime factors of 848.
2, 53
List the prime factors of 25872.
2, 3, 7, 11
List the prime factors of 8026.
2, 4013
List the prime factors of 476.
2, 7, 17
List the prime factors of 139379.
37, 3767
What are the prime factors of 56215?
5, 11243
What are the prime factors of 1779?
3, 593
What are the prime factors of 19195?
5, 11, 349
What are the prime factors of 5861?
5861
What are the prime factors of 18050?
2, 5, 19
List the prime factors of 505.
5, 101
List the prime factors of 2849.
7, 11, 37
What are the prime factors of 13581?
3, 503
What are the prime factors of 47?
47
List the prime factors of 1615.
5, 17, 19
List the prime factors of 51365.
5, 10273
What are the prime factors of 32112?
2, 3, 223
List the prime factors of 59125.
5, 11, 43
List the prime factors of 59433.
3, 11, 1801
List the prime factors of 110043.
3, 12227
What are the prime factors of 6076?
2, 7, 31
List the prime factors of 15306.
2, 3, 2551
List the prime factors of 2073.
3, 691
What are the prime factors of 181?
181
What are the prime factors of 49627?
49627
What are the prime factors of 84152?
2, 67, 157
What are the prime factors of 1283?
1283
What are the prime factors of 811?
811
What are the prime factors of 182219?
47, 3877
What are the prime factors of 2858?
2, 1429
What are the prime factors of 598?
2, 13, 23
List the prime factors of 2989.
7, 61
What are the prime factors of 6774?
2, 3, 1129
List the prime factors of 118749.
3, 23, 1721
What are the prime factors of 1247?
29, 43
What are the prime factors of 13631?
43, 317
List the prime factors of 3981.
3, 1327
What are the prime factors of 2729?
2729
What are the prime factors of 7402?
2, 3701
List the prime factors of 1472.
2, 23
List the prime factors of 24904.
2, 11, 283
List the prime factors of 12.
2, 3
List the prime factors of 1596.
2, 3, 7, 19
List the prime factors of 17537.
13, 19, 71
What are the prime factors of 104?
2, 13
What are the prime factors of 3250?
2, 5, 13
List the prime factors of 2084.
2, 521
List the prime factors of 18182.
2, 9091
List the prime factors of 7514.
2, 13, 17
What are the prime factors of 6858?
2, 3, 127
List the prime factors of 20261.
20261
What are the prime factors of 7013?
7013
List the prime factors of 1344.
2, 3, 7
List the prime factors of 605.
5, 11
List the prime factors of 2722.
2, 1361
List the prime factors of 2942.
2, 1471
What are the prime factors of 4052?
2, 1013
What are the prime factors of 405?
3, 5
List the prime factors of 3160.
2, 5, 79
List the prime factors of 165037.
165037
List the prime factors of 700.
2, 5, 7
What are the prime factors of 3272?
2, 409
List the prime factors of 31861.
151, 211
What are the prime factors of 6387?
3, 2129
What are the prime factors of 7291?
23, 317
List the prime factors of 13627.
13627
What are the prime factors of 662?
2, 331
What are the prime factors of 4606?
2, 7, 47
What are the prime factors of 4580?
2, 5, 229
What are the prime factors of 1190?
2, 5, 7, 17
What are the prime factors of 762?
2, 3, 127
List the prime factors of 17285.
5, 3457
List the prime factors of 504.
2, 3, 7
List the prime factors of 12647.
12647
List the prime factors of 7079.
7079
List the prime factors of 752.
2, 47
List the prime factors of 1238.
2, 619
List the prime factors of 5732.
2, 1433
List the prime factors of 82942.
2, 113, 367
What are the prime factors of 1120?
2, 5, 7
List the prime factors of 4808.
2, 601
List the prime factors of 2031.
3, 677
What are the prime factors of 136145?
5, 73, 373
List the prime factors of 29052.
2, 3, 269
What are the prime factors of 130547?
130547
List the prime factors of 2427.
3, 809
What are the prime factors of 506?
2, 11, 23
What are the prime factors of 1528?
2, 191
List the prime factors of 1051.
1051
What are the prime factors of 547?
547
List the prime factors of 30467.
30467
What are the prime factors of 13397?
13397
List the prime factors of 15702.
2, 3, 2617
What are the prime factors of 108370?
2, 5, 10837
List the prime factors of 100.
2, 5
List the prime factors of 45505.
5, 19, 479
List the prime factors of 11845.
5, 23, 103
List the prime factors of 27211.
27211
What are the prime factors of 1599?
3, 13, 41
What are the prime factors of 7480?
2, 5, 11, 17
What are the prime factors of 29560?
2, 5, 739
List the prime factors of 6444.
2, 3, 179
What are the prime factors of 36248?
2, 23, 197
What are the prime factors of 5399?
5399
List the prime factors of 1891.
31, 61
What are the prime factors of 3436?
2, 859
List the prime factors of 156061.
156061
List the prime factors of 1020.
2, 3, 5, 17
List the prime factors of 1359.
3, 151
List the prime factors of 73.
73
What are the prime factors of 39564?
2, 3, 7, 157
List the prime factors of 62705.
5